{"id":6390,"date":"2020-09-17T16:52:49","date_gmt":"2020-09-17T08:52:49","guid":{"rendered":"http:\/\/www.centroculturalecinese.com\/?page_id=6390"},"modified":"2023-12-20T18:51:41","modified_gmt":"2023-12-20T10:51:41","slug":"%e7%b1%b3%e5%85%b0plida%e5%ae%98%e6%96%b9%e8%80%83%e7%82%b9","status":"publish","type":"page","link":"http:\/\/www.centroculturalecinese.com\/?page_id=6390&lang=it","title":{"rendered":"Centro d&#8217;esame PLIDA"},"content":{"rendered":"\n<div class=\"wp-block-image\"><figure class=\"aligncenter size-large\"><img loading=\"lazy\" decoding=\"async\" width=\"635\" height=\"344\" src=\"http:\/\/www.centroculturalecinese.com\/wp-content\/uploads\/2023\/12\/plida-2024.png\" alt=\"\" class=\"wp-image-8143\" srcset=\"http:\/\/www.centroculturalecinese.com\/wp-content\/uploads\/2023\/12\/plida-2024.png 635w, http:\/\/www.centroculturalecinese.com\/wp-content\/uploads\/2023\/12\/plida-2024-300x163.png 300w\" sizes=\"(max-width: 635px) 100vw, 635px\" \/><\/figure><\/div>\n\n\n\n<p>N.B.: <strong>NON SARANNO<\/strong> pi\u00f9 erogate le sessioni PLIDA in modalit\u00e0 solo orale A2 &#8220;Permesso di soggiorno&#8221; e B1 &#8220;Cittadinanza&#8221;. <\/p>\n\n\n\n<p>Tutti i candidati che hanno bisogno dei certificati PLIDA A2 o B1 dovranno iscriversi alle sessioni ordinarie e sostenere le prove di tutte le abilit\u00e0&nbsp;(Ascoltare, Leggere, Scrivere, Parlare).<\/p>\n\n\n\n<figure class=\"wp-block-image size-large\"><img loading=\"lazy\" decoding=\"async\" width=\"1024\" height=\"162\" src=\"http:\/\/www.centroculturalecinese.com\/wp-content\/uploads\/2021\/10\/certificato-plida-1024x162.jpg\" alt=\"\" class=\"wp-image-6645\" srcset=\"http:\/\/www.centroculturalecinese.com\/wp-content\/uploads\/2021\/10\/certificato-plida-1024x162.jpg 1024w, http:\/\/www.centroculturalecinese.com\/wp-content\/uploads\/2021\/10\/certificato-plida-300x47.jpg 300w, http:\/\/www.centroculturalecinese.com\/wp-content\/uploads\/2021\/10\/certificato-plida-768x121.jpg 768w, http:\/\/www.centroculturalecinese.com\/wp-content\/uploads\/2021\/10\/certificato-plida-820x129.jpg 820w, http:\/\/www.centroculturalecinese.com\/wp-content\/uploads\/2021\/10\/certificato-plida.jpg 1254w\" sizes=\"(max-width: 1024px) 100vw, 1024px\" \/><\/figure>\n\n\n\n<p><strong>Servizi aggiuntivi<\/strong><\/p>\n\n\n\n<p>Qui di seguito sono descritte le modalit\u00e0 e le condizioni per accedere ai servizi aggiuntivi (correzioni urgenti, stampa anticipata, scansione certificati). Vi preghiamo pertanto di leggere con attenzione.<\/p>\n\n\n\n<ol><li><strong>Servizio di correzioni urgenti<\/strong><strong><\/strong><\/li><\/ol>\n\n\n\n<p>Il servizio di correzioni urgenti <strong>potr\u00e0 essere richiesto, con un costo aggiuntivo, soltanto quando previsto, senza alcuna possibilit\u00e0 di deroga.<\/strong><\/p>\n\n\n\n<p><strong>Non saranno accettate le richieste che perverranno al Centro PLIDA dopo la scadenza. Il tempo di consegna dei risultati urgenti \u00e8 di 20 giorni lavorativi calcolati<\/strong>&nbsp;<strong>a partire dal momento in cui l&#8217;Ufficio PLIDA comunicher\u00e0 al Centro d&#8217;esame di aver ricevuto tutti i materiali d&#8217;esame integri e corretti. <\/strong> L&#8217;assenza di alcuni materiali o la presenza di problemi, cos\u00ec come il riscontro di qualsiasi tipo di irregolarit\u00e0, renderanno impossibile l&#8217;avvio della procedura.<\/p>\n\n\n\n<p>I candidati che pagano il servizio e che successivamente risulteranno assenti all&#8217;esame non potranno essere rimborsati della quota versata.<\/p>\n\n\n\n<p><strong>2) Servizio di stampa e spedizione anticipata dei certificati<\/strong><\/p>\n\n\n\n<p><strong>ATTENZIONE:<\/strong>&nbsp;i candidati che richiedono il servizio di correzione urgente <strong>NON HANNO AUTOMATICAMENTE DIRITTO<\/strong>&nbsp;alla stampa anticipata del certificato.<\/p>\n\n\n\n<p>Se dopo aver ricevuto i risultati urgenti i candidati vogliono anche la stampa anticipata del loro certificato, possono farne richiesta presso il Centro d&#8217;esame sostenendo un costo aggiuntivo.<\/p>\n\n\n\n<p><strong>ATTENZIONE<\/strong><\/p>\n\n\n\n<p><em>Vi preghiamo inoltre di considerare il fatto che, a causa delle restrizioni imposte dalle misure di contrasto alla pandemia, i consueti tempi di lavorazione della Sede Centrale della SDA (Ufficio Spedizioni, Ufficio PLIDA, ecc.) potrebbero dilatarsi per motivi che non dipendono dalla nostra volont\u00e0 e su cui al momento non abbiamo alcun controllo.<\/em><\/p>\n\n\n\n<p><strong>3) Servizio di scansione dei certificati<\/strong><\/p>\n\n\n\n<p>I candidati che non possono aspettare l&#8217;invio dei certificati cartacei possono richiedere il servizio di scansione del proprio certificato, se previsto per tale sessione. Per farlo, devono farne richiesta presso il Centro d&#8217;esame e pagare una quota aggiuntiva.<\/p>\n\n\n\n<p><strong>Procedure di iscrizione<\/strong><\/p>\n\n\n\n<p>1. per ricevere il modulo d&#8217;iscrizione inviare un&#8217;email a<\/p>\n\n\n\n<p><a href=\"mailto:plida.centroculturalecinese@gmail.com\">plida.centroculturalecinese@gmail.com<\/a><\/p>\n\n\n\n<p>2. scaricare, stampare e compilare il modulo<\/p>\n\n\n\n<p>3. effettuare il bonifico intestato a <\/p>\n\n\n\n<p><strong>Centro Culturale Cinese SRL \u2013 Via Paolo Sarpi, 26 \u2013 20154 Milano<\/strong><strong><\/strong><\/p>\n\n\n\n<p><strong>IBAN: IT72 R030 6909 4621 0000 0011 931<\/strong><strong><\/strong><\/p>\n\n\n\n<p>sul bollettino di versamento specificare Plida\u2010 Livello\u2026.<\/p>\n\n\n\n<p>4. rinviare il modulo compilato, allegando distinta di pagamento e un documento d&#8217;identit\u00e0 <strong>CON I DATI COMPLETI<\/strong>, all&#8217;email<\/p>\n\n\n\n<p><a href=\"mailto:plida.centroculturalecinese@gmail.com\">plida.centroculturalecinese@gmail.com<\/a><\/p>\n\n\n\n<p>5.&nbsp;riceverete una \u201cRicevuta di prenotazione esame\u201d come la seguente:<\/p>\n\n\n\n<figure class=\"wp-block-image size-large\"><img loading=\"lazy\" decoding=\"async\" width=\"600\" height=\"436\" src=\"http:\/\/www.centroculturalecinese.com\/wp-content\/uploads\/2021\/10\/ricevuta-di-iscrizione.png\" alt=\"\" class=\"wp-image-6648\" srcset=\"http:\/\/www.centroculturalecinese.com\/wp-content\/uploads\/2021\/10\/ricevuta-di-iscrizione.png 600w, http:\/\/www.centroculturalecinese.com\/wp-content\/uploads\/2021\/10\/ricevuta-di-iscrizione-300x218.png 300w\" sizes=\"(max-width: 600px) 100vw, 600px\" \/><\/figure>\n\n\n\n<p>6. vi chiediamo di controllare la correttezza dei dati anagrafici.<\/p>\n\n\n\n<p>7. i risultati saranno disponibili entro <strong>60 giorni lavorativi<\/strong>, calcolati dal giorno in cui la Societ\u00e0 Dante Alighieri riceve tutto il materiale della sessione d&#8217;esame.<\/p>\n\n\n\n<p>8. \u00e8 possibile richiedere il servizio di correzione urgente (20 giorni lavorativi calcolati a partire dal momento in cui l\u2019Ufficio PLIDA comunicher\u00e0 al Centro d&#8217;esame di aver ricevuto tutti i materiali d\u2019esame e che tutti i materiali ricevuti sono integri e corretti) <strong>solo se previsto per tale sessione<\/strong>  e deciso dalla Societ\u00e0 Dante Alighieri su pagamento di un supplemento.<\/p>\n\n\n\n<p>9. l&#8217;invio del certificato avviene dopo 15\/20 giorni dalla pubblicazione dei risultati. \u00c8 possibile richiedere il servizio di invio celere o di invio formato elettronico PDF, sempre su richiesta alla Societ\u00e0 Dante Alighieri che valuter\u00e0 ogni singolo caso.<\/p>\n\n\n\n<p>Tutte le richieste per servizi aggiuntivi quali correzione urgente e spedizione celere vengono inoltrate alla Societ\u00e0 Dante Alighieri dal Centro Culturale Cinese su Vostra richiesta&nbsp;da presentare inviandoci un&#8217;email a <\/p>\n\n\n\n<p><a href=\"mailto:plida.centroculturalecinese@gmail.com\">plida.centroculturalecinese@gmail.com<\/a><\/p>\n","protected":false},"excerpt":{"rendered":"<p>N.B.: NON SARANNO pi\u00f9 erogate le sessioni PLIDA in moda [&hellip;]<\/p>\n","protected":false},"author":8,"featured_media":0,"parent":0,"menu_order":0,"comment_status":"closed","ping_status":"closed","template":"","meta":{"footnotes":""},"_links":{"self":[{"href":"http:\/\/www.centroculturalecinese.com\/index.php?rest_route=\/wp\/v2\/pages\/6390"}],"collection":[{"href":"http:\/\/www.centroculturalecinese.com\/index.php?rest_route=\/wp\/v2\/pages"}],"about":[{"href":"http:\/\/www.centroculturalecinese.com\/index.php?rest_route=\/wp\/v2\/types\/page"}],"author":[{"embeddable":true,"href":"http:\/\/www.centroculturalecinese.com\/index.php?rest_route=\/wp\/v2\/users\/8"}],"replies":[{"embeddable":true,"href":"http:\/\/www.centroculturalecinese.com\/index.php?rest_route=%2Fwp%2Fv2%2Fcomments&post=6390"}],"version-history":[{"count":18,"href":"http:\/\/www.centroculturalecinese.com\/index.php?rest_route=\/wp\/v2\/pages\/6390\/revisions"}],"predecessor-version":[{"id":8144,"href":"http:\/\/www.centroculturalecinese.com\/index.php?rest_route=\/wp\/v2\/pages\/6390\/revisions\/8144"}],"wp:attachment":[{"href":"http:\/\/www.centroculturalecinese.com\/index.php?rest_route=%2Fwp%2Fv2%2Fmedia&parent=6390"}],"curies":[{"name":"wp","href":"https:\/\/api.w.org\/{rel}","templated":true}]}}