{"id":6847,"date":"2022-01-14T18:56:55","date_gmt":"2022-01-14T10:56:55","guid":{"rendered":"http:\/\/www.centroculturalecinese.com\/?page_id=6847"},"modified":"2022-01-17T18:22:51","modified_gmt":"2022-01-17T10:22:51","slug":"corsi-di-lingua","status":"publish","type":"page","link":"http:\/\/www.centroculturalecinese.com\/?page_id=6847&lang=it","title":{"rendered":"Corsi di lingua"},"content":{"rendered":"<ul>\n<li>\n<h3><strong><span style=\"color: #ff0000;\">Corsi di lingua cinese<\/span><\/strong><\/h3>\n<\/li>\n<\/ul>\n\n\n<p>La scuola <em><strong>Longjia <\/strong><\/em>\u00e8 stata istituita nel 2009 i cui corsi di lingua e cultura cinese erano destinati in prevalenza ai bambini cinesi. <\/p>\n\n\n\n<figure class=\"wp-block-image size-large\"><img loading=\"lazy\" decoding=\"async\" width=\"640\" height=\"426\" src=\"http:\/\/www.centroculturalecinese.com\/wp-content\/uploads\/2022\/01\/640.webp-12-9-1.jpg\" alt=\"\" class=\"wp-image-6859\" srcset=\"http:\/\/www.centroculturalecinese.com\/wp-content\/uploads\/2022\/01\/640.webp-12-9-1.jpg 640w, http:\/\/www.centroculturalecinese.com\/wp-content\/uploads\/2022\/01\/640.webp-12-9-1-300x200.jpg 300w, http:\/\/www.centroculturalecinese.com\/wp-content\/uploads\/2022\/01\/640.webp-12-9-1-600x400.jpg 600w\" sizes=\"(max-width: 640px) 100vw, 640px\" \/><\/figure>\n\n\n\n<p>Dal 2016, dopo tante richieste, sono stati creati corsi appositi indirizzati a bambini e adulti italiani.<\/p>\n\n\n\n<p>Tutti i docenti sono insegnanti medrelingua con anni di esperienza nell&#8217;insegnamento del cinese sia in Cina che in Italia.<\/p>\n\n\n\n<figure class=\"wp-block-image size-large\"><img loading=\"lazy\" decoding=\"async\" width=\"1024\" height=\"768\" src=\"http:\/\/www.centroculturalecinese.com\/wp-content\/uploads\/2017\/08\/D1487750809939-1024x768.jpg\" alt=\"\" class=\"wp-image-4348\" srcset=\"http:\/\/www.centroculturalecinese.com\/wp-content\/uploads\/2017\/08\/D1487750809939-1024x768.jpg 1024w, http:\/\/www.centroculturalecinese.com\/wp-content\/uploads\/2017\/08\/D1487750809939-300x225.jpg 300w, http:\/\/www.centroculturalecinese.com\/wp-content\/uploads\/2017\/08\/D1487750809939-768x576.jpg 768w, http:\/\/www.centroculturalecinese.com\/wp-content\/uploads\/2017\/08\/D1487750809939-820x615.jpg 820w, http:\/\/www.centroculturalecinese.com\/wp-content\/uploads\/2017\/08\/D1487750809939-50x38.jpg 50w, http:\/\/www.centroculturalecinese.com\/wp-content\/uploads\/2017\/08\/D1487750809939.jpg 1280w\" sizes=\"(max-width: 1024px) 100vw, 1024px\" \/><\/figure>\n\n\n\n<p> La scuola <em><strong>Longjia<\/strong><\/em>  collabora in progetti di scambio linguistico-culturale con diverse scuole (Collegio San Carlo, Andersen International School, Liceo Paritario &#8220;E. Fermi&#8221;, Istituto Comprensivo&nbsp;&#8220;Giusti-D&#8217;Assisi&#8221;, Istituto Comprensivo &#8220;Via Linneo&#8221;), Universit\u00e0 e Accademie presenti a Milano. <\/p>\n\n\n<p><!--StartFragment--><\/p>\n<ul>\n<li>\n<h3><span style=\"color: #ff0000;\"><strong>Corsi di lingua italiana<\/strong><\/span><\/h3>\n<\/li>\n<\/ul>\n\n\n<p>Il corpo docente \u00e8 formato da insegnanti di italiano L2\/LS con una comprovata esperienza nel settore e abilitati all&#8217;insegnamento avendo conseguito la certificazione DITALS e\/o CEDILS. <\/p>\n\n\n\n<figure class=\"wp-block-image size-large\"><img loading=\"lazy\" decoding=\"async\" width=\"1024\" height=\"768\" src=\"http:\/\/www.centroculturalecinese.com\/wp-content\/uploads\/2022\/01\/845a73a01c2450429262b6785bb3a872-1024x768.jpg\" alt=\"\" class=\"wp-image-6869\" srcset=\"http:\/\/www.centroculturalecinese.com\/wp-content\/uploads\/2022\/01\/845a73a01c2450429262b6785bb3a872-1024x768.jpg 1024w, http:\/\/www.centroculturalecinese.com\/wp-content\/uploads\/2022\/01\/845a73a01c2450429262b6785bb3a872-300x225.jpg 300w, http:\/\/www.centroculturalecinese.com\/wp-content\/uploads\/2022\/01\/845a73a01c2450429262b6785bb3a872-768x576.jpg 768w, http:\/\/www.centroculturalecinese.com\/wp-content\/uploads\/2022\/01\/845a73a01c2450429262b6785bb3a872-820x615.jpg 820w, http:\/\/www.centroculturalecinese.com\/wp-content\/uploads\/2022\/01\/845a73a01c2450429262b6785bb3a872.jpg 1269w\" sizes=\"(max-width: 1024px) 100vw, 1024px\" \/><\/figure>\n\n\n\n<p>Sostenendo l&#8217;idea che ogni docente \u00e8 un attore chiave per lo sviluppo dei sistemi educativi e di conoscenza, i nostri insegnanti si sforzano di riflettere sui processi di apprendimento ed insegnamento attraverso un continuo coinvolgimento nelle conoscenze disciplinari, i contenuti curriculari, l&#8217;innovazione, la ricerca e la dimensione sociale e culturale dell&#8217;educazione. La loro formazione \u00e8 continua, radicata e forte, partecipata e funzionale al raggiungimento degli obiettivi di miglioramento dell&#8217;istituzione dove gli insegnanti operano. <\/p>\n\n\n\n<figure class=\"wp-block-image size-large\"><img loading=\"lazy\" decoding=\"async\" width=\"1024\" height=\"768\" src=\"http:\/\/www.centroculturalecinese.com\/wp-content\/uploads\/2021\/10\/WeChat-Image_20211012131458-1024x768.jpg\" alt=\"\" class=\"wp-image-6597\" srcset=\"http:\/\/www.centroculturalecinese.com\/wp-content\/uploads\/2021\/10\/WeChat-Image_20211012131458-1024x768.jpg 1024w, http:\/\/www.centroculturalecinese.com\/wp-content\/uploads\/2021\/10\/WeChat-Image_20211012131458-300x225.jpg 300w, http:\/\/www.centroculturalecinese.com\/wp-content\/uploads\/2021\/10\/WeChat-Image_20211012131458-768x576.jpg 768w, http:\/\/www.centroculturalecinese.com\/wp-content\/uploads\/2021\/10\/WeChat-Image_20211012131458-820x615.jpg 820w, http:\/\/www.centroculturalecinese.com\/wp-content\/uploads\/2021\/10\/WeChat-Image_20211012131458.jpg 1440w\" sizes=\"(max-width: 1024px) 100vw, 1024px\" \/><\/figure>\n\n\n\n<p>Un&#8217;educazione di alta qualit\u00e0 garantisce a chi apprende una maggiore soddisfazione e realizzazione, migliori abilit\u00e0 sociali e pi\u00f9 diversificate possibilit\u00e0 d&#8217;impiego. Per cui, la professionalit\u00e0 dei nostri docenti, che s&#8217;ispira ai valori dell&#8217;inclusione e alla necessit\u00e0 di alimentare il potenziale di qualsiasi individuo in apprendimento, svolge un ruolo vitale nel promuovere il potenziale umano e nel forgiare le future generazioni. Inoltre, parlando perfettamente pi\u00f9 lingue (tra cui italiano e cinese) e avendo una conoscenza approfondita delle rispettive grammatiche, i nostri insegnati meglio comprendono le difficolt\u00e0 per gli studenti sinofoni di approcciarsi a un idioma cos\u00ec distante dal proprio.<\/p>\n\n\n<p><!--EndFragment--><\/p>\n\n\n<figure class=\"wp-block-image size-large\"><img loading=\"lazy\" decoding=\"async\" width=\"1024\" height=\"768\" src=\"http:\/\/www.centroculturalecinese.com\/wp-content\/uploads\/2022\/01\/\u5fae\u4fe1\u56fe\u7247_20220117112015-1024x768.jpg\" alt=\"\" class=\"wp-image-6889\" srcset=\"http:\/\/www.centroculturalecinese.com\/wp-content\/uploads\/2022\/01\/\u5fae\u4fe1\u56fe\u7247_20220117112015-1024x768.jpg 1024w, http:\/\/www.centroculturalecinese.com\/wp-content\/uploads\/2022\/01\/\u5fae\u4fe1\u56fe\u7247_20220117112015-300x225.jpg 300w, http:\/\/www.centroculturalecinese.com\/wp-content\/uploads\/2022\/01\/\u5fae\u4fe1\u56fe\u7247_20220117112015-768x576.jpg 768w, http:\/\/www.centroculturalecinese.com\/wp-content\/uploads\/2022\/01\/\u5fae\u4fe1\u56fe\u7247_20220117112015-1536x1152.jpg 1536w, http:\/\/www.centroculturalecinese.com\/wp-content\/uploads\/2022\/01\/\u5fae\u4fe1\u56fe\u7247_20220117112015-2048x1536.jpg 2048w, http:\/\/www.centroculturalecinese.com\/wp-content\/uploads\/2022\/01\/\u5fae\u4fe1\u56fe\u7247_20220117112015-820x615.jpg 820w\" sizes=\"(max-width: 1024px) 100vw, 1024px\" \/><\/figure>\n","protected":false},"excerpt":{"rendered":"<p>Corsi di lingua cinese La scuola Longjia \u00e8 stata istitu [&hellip;]<\/p>\n","protected":false},"author":8,"featured_media":0,"parent":0,"menu_order":0,"comment_status":"closed","ping_status":"closed","template":"","meta":{"footnotes":""},"_links":{"self":[{"href":"http:\/\/www.centroculturalecinese.com\/index.php?rest_route=\/wp\/v2\/pages\/6847"}],"collection":[{"href":"http:\/\/www.centroculturalecinese.com\/index.php?rest_route=\/wp\/v2\/pages"}],"about":[{"href":"http:\/\/www.centroculturalecinese.com\/index.php?rest_route=\/wp\/v2\/types\/page"}],"author":[{"embeddable":true,"href":"http:\/\/www.centroculturalecinese.com\/index.php?rest_route=\/wp\/v2\/users\/8"}],"replies":[{"embeddable":true,"href":"http:\/\/www.centroculturalecinese.com\/index.php?rest_route=%2Fwp%2Fv2%2Fcomments&post=6847"}],"version-history":[{"count":12,"href":"http:\/\/www.centroculturalecinese.com\/index.php?rest_route=\/wp\/v2\/pages\/6847\/revisions"}],"predecessor-version":[{"id":6890,"href":"http:\/\/www.centroculturalecinese.com\/index.php?rest_route=\/wp\/v2\/pages\/6847\/revisions\/6890"}],"wp:attachment":[{"href":"http:\/\/www.centroculturalecinese.com\/index.php?rest_route=%2Fwp%2Fv2%2Fmedia&parent=6847"}],"curies":[{"name":"wp","href":"https:\/\/api.w.org\/{rel}","templated":true}]}}