{"id":6863,"date":"2022-01-14T19:47:11","date_gmt":"2022-01-14T11:47:11","guid":{"rendered":"http:\/\/www.centroculturalecinese.com\/?page_id=6863"},"modified":"2026-03-03T12:54:15","modified_gmt":"2026-03-03T11:54:15","slug":"corsi-di-lingua-cinese","status":"publish","type":"page","link":"http:\/\/www.centroculturalecinese.com\/?page_id=6863&lang=it","title":{"rendered":"Corsi di lingua cinese"},"content":{"rendered":"\r\n<div class=\"wp-block-image\" style=\"text-align: left;\">\r\n<figure><img loading=\"lazy\" decoding=\"async\" class=\"wp-image-8460 aligncenter\" src=\"http:\/\/www.centroculturalecinese.com\/wp-content\/uploads\/2026\/03\/\u9f99\u7532logo-\u900f\u660e.png\" alt=\"\" width=\"207\" height=\"213\" srcset=\"http:\/\/www.centroculturalecinese.com\/wp-content\/uploads\/2026\/03\/\u9f99\u7532logo-\u900f\u660e.png 862w, http:\/\/www.centroculturalecinese.com\/wp-content\/uploads\/2026\/03\/\u9f99\u7532logo-\u900f\u660e-292x300.png 292w, http:\/\/www.centroculturalecinese.com\/wp-content\/uploads\/2026\/03\/\u9f99\u7532logo-\u900f\u660e-768x788.png 768w\" sizes=\"(max-width: 207px) 100vw, 207px\" \/><\/figure>\r\n<figure><img loading=\"lazy\" decoding=\"async\" class=\"wp-image-8459 aligncenter\" src=\"http:\/\/www.centroculturalecinese.com\/wp-content\/uploads\/2026\/03\/corso-cinese-scaled.jpg\" alt=\"\" width=\"1121\" height=\"246\" srcset=\"http:\/\/www.centroculturalecinese.com\/wp-content\/uploads\/2026\/03\/corso-cinese-scaled.jpg 2560w, http:\/\/www.centroculturalecinese.com\/wp-content\/uploads\/2026\/03\/corso-cinese-300x66.jpg 300w, http:\/\/www.centroculturalecinese.com\/wp-content\/uploads\/2026\/03\/corso-cinese-1024x224.jpg 1024w, http:\/\/www.centroculturalecinese.com\/wp-content\/uploads\/2026\/03\/corso-cinese-768x168.jpg 768w, http:\/\/www.centroculturalecinese.com\/wp-content\/uploads\/2026\/03\/corso-cinese-1536x336.jpg 1536w, http:\/\/www.centroculturalecinese.com\/wp-content\/uploads\/2026\/03\/corso-cinese-2048x449.jpg 2048w\" sizes=\"(max-width: 1121px) 100vw, 1121px\" \/><\/figure>\r\n<\/div>\r\n\r\n\r\n\r\n<p>&nbsp;<\/p>\r\n<p>I corsi sono volti a rendere lo studente consapevole dei vantaggi dati dallo studio e dalla comprensione della lingua cinese e dalla conoscenza di questa cultura.<\/p>\r\n<p>Che siano individuali o di gruppo, le lezioni si tengono durante tutto l&#8217;arco della giornata e sono improntate sulla spiegazione della grammatica, ma soprattutto sulla conversazione e sull&#8217;ascolto; non a caso, per imparare al meglio la lingua, il contatto linguistico deve essere costante. A meno che non si rilevino delle difficolt\u00e0, gli insegnanti\u00a0parlano solamente cinese in modo tale da avvicinare e immergere gli studenti in maniera diretta nel \u6c49\u8bed <em>h\u00e0ny\u01d4<\/em>, ovvero lingua cinese.<\/p>\r\n\r\n\r\n\r\n<p>Le lezioni individuali sono personalizzabili a seconda delle esigenze dello studente: infatti con alcuni viene stimolata la\u00a0\u53e3\u8bed <em>ko\u01d4y\u01d4<\/em>, la lingua parlata, in modo da rendere fluente la conversazione, facilitare la comunicazione e un&#8217;eventuale permanenza in Cina; con altri invece si concentra sull&#8217;ambito tecnico della \u8bed\u6cd5\u00a0<em>y\u01d4f\u01ce<\/em>, la grammatica; con altri ancora, di livello gi\u00e0 pi\u00f9 avanzato, si focalizza sull&#8217;insegnamento del \u4e13\u4e1a\u8bcd\u6c47\u00a0<em>zhu\u0101ny\u00e8 c\u00edhu\u00ec<\/em>, linguaggio tecnico\u00a0indirizzato all&#8217;ambito lavorativo.\u00a0<\/p>\r\n<p style=\"text-align: center;\"><img loading=\"lazy\" decoding=\"async\" class=\"wp-image-8461 aligncenter\" src=\"http:\/\/www.centroculturalecinese.com\/wp-content\/uploads\/2026\/03\/immagine-longjia.jpg\" alt=\"\" width=\"919\" height=\"527\" srcset=\"http:\/\/www.centroculturalecinese.com\/wp-content\/uploads\/2026\/03\/immagine-longjia.jpg 2480w, http:\/\/www.centroculturalecinese.com\/wp-content\/uploads\/2026\/03\/immagine-longjia-300x172.jpg 300w, http:\/\/www.centroculturalecinese.com\/wp-content\/uploads\/2026\/03\/immagine-longjia-1024x587.jpg 1024w, http:\/\/www.centroculturalecinese.com\/wp-content\/uploads\/2026\/03\/immagine-longjia-768x440.jpg 768w, http:\/\/www.centroculturalecinese.com\/wp-content\/uploads\/2026\/03\/immagine-longjia-1536x880.jpg 1536w, http:\/\/www.centroculturalecinese.com\/wp-content\/uploads\/2026\/03\/immagine-longjia-2048x1173.jpg 2048w\" sizes=\"(max-width: 919px) 100vw, 919px\" \/><\/p>\r\n<p>&nbsp;<\/p>\r\n<p>Per iscriversi o chiedere informazioni contattare l&#8217;indirizzo email <span style=\"color: #00ccff;\"><strong>scuolalongjia@gmail.com <\/strong><\/span>e <span style=\"color: #00ccff;\"><strong>centroculturalecinese@gmail.com<\/strong><\/span><\/p>\r\n<p>per poter organizzare al meglio il vostro percorso formativo presso la nostra scuola, Vi\u00a0preghiamo di inviarci le seguenti informazioni:\u00a0<\/p>\r\n<p>\u00b7\u00a0Et\u00e0\u00a0<br \/>\u00b7Cognome e nome\u00a0<br \/>\u00b7Numero di telefono\u00a0<br \/>\u00b7Corso di gruppo oppure lezioni private\u00a0<br \/>\u00b7Livello linguistico (HSK oppure Base)\u00a0<br \/>\u00b7Orari disponibili per frequentare le lezioni<\/p>\r\n<p>Sulla base delle informazioni ricevute, provvederemo ad assegnarvi il corso e l&#8217;insegnante pi\u00f9 adatto.\u00a0<\/p>\r\n<p>Tutti i corsi si tengono da ottobre e maggio.<\/p>\r\n\r\n\r\n\r\n<p>&nbsp;<\/p>\r\n<p><a href=\"http:\/\/www.centroculturalecinese.com\/wp-content\/uploads\/2023\/02\/8ef4b7fa0ac99559f2f390acf68775e2.mp4\">Video 1<\/a><\/p>\r\n\r\n\r\n\r\n<figure class=\"wp-block-embed aligncenter\">\r\n<div class=\"wp-block-embed__wrapper\"><a href=\"http:\/\/www.centroculturalecinese.com\/wp-content\/uploads\/2023\/02\/093eb30e35bea6ffc4ebe336eb48f068.mp4\">Video 2<\/a><\/div>\r\n<div>\u00a0<\/div>\r\n<\/figure>\r\n","protected":false},"excerpt":{"rendered":"<p>&nbsp; I corsi sono volti a rendere lo studente consape [&hellip;]<\/p>\n","protected":false},"author":8,"featured_media":0,"parent":0,"menu_order":0,"comment_status":"closed","ping_status":"closed","template":"","meta":{"footnotes":""},"_links":{"self":[{"href":"http:\/\/www.centroculturalecinese.com\/index.php?rest_route=\/wp\/v2\/pages\/6863"}],"collection":[{"href":"http:\/\/www.centroculturalecinese.com\/index.php?rest_route=\/wp\/v2\/pages"}],"about":[{"href":"http:\/\/www.centroculturalecinese.com\/index.php?rest_route=\/wp\/v2\/types\/page"}],"author":[{"embeddable":true,"href":"http:\/\/www.centroculturalecinese.com\/index.php?rest_route=\/wp\/v2\/users\/8"}],"replies":[{"embeddable":true,"href":"http:\/\/www.centroculturalecinese.com\/index.php?rest_route=%2Fwp%2Fv2%2Fcomments&post=6863"}],"version-history":[{"count":23,"href":"http:\/\/www.centroculturalecinese.com\/index.php?rest_route=\/wp\/v2\/pages\/6863\/revisions"}],"predecessor-version":[{"id":8466,"href":"http:\/\/www.centroculturalecinese.com\/index.php?rest_route=\/wp\/v2\/pages\/6863\/revisions\/8466"}],"wp:attachment":[{"href":"http:\/\/www.centroculturalecinese.com\/index.php?rest_route=%2Fwp%2Fv2%2Fmedia&parent=6863"}],"curies":[{"name":"wp","href":"https:\/\/api.w.org\/{rel}","templated":true}]}}